base 16.
82
Convert -55 (base 16) to base 11.
-78
What is -5 (base 8) in base 2?
-101
What is -1 (base 9) in base 12?
-1
What is 5 (base 7) in base 5?
10
Convert b (base 16) to base 15.
b
4 (base 9) to base 4
10
Convert 41 (base 13) to base 12.
45
-111 (base 10) to base 5
-421
Convert 3213 (base 4) to base 6.
1023
What is -a0 (base 14) in base 12?
-b8
-85 (base 9) to base 11
-70
211 (base 3) to base 12
1a
What is 4 (base 15) in base 10?
4
What is 1 (base 3) in base 16?
1
2 (base 8) to base 14
2
5b (base 14) to base 10
81
What is 3 (base 7) in base 16?
3
9 (base 11) to base 5
14
97 (base 11) to base 6
254
What is 25 (base 11) in base 5?
102
Convert 57 (base 11) to base 4.
332
Convert 0 (base 8) to base 3.
0
What is -152 (base 11) in base 13?
-109
-120 (base 3) to base 2
-1111
136 (base 14) to base 11
202
-10 (base 15) to base 5
-30
What is -17 (base 9) in base 7?
-22
-6 (base 8) to base 2
-110
2 (base 14) to base 4
2
Convert -15 (base 9) to base 10.
-14
3 (base 4) to base 3
10
What is -3 (base 8) in base 7?
-3
Convert 1a (base 16) to base 12.
22
-38 (base 9) to base 6
-55
-213 (base 4) to base 12
-33
2 (base 3) to base 16
2
-100122 (base 3) to base 7
-521
What is 10000 (base 2) in base 6?
24
What is 111 (base 2) in base 11?
7
What is -3 (base 13) in base 2?
-11
What is -51 (base 8) in base 2?
-101001
What is -2 (base 6) in base 15?
-2
Convert 132 (base 4) to base 11.
28
What is -22 (base 3) in base 2?
-1000
Convert -76 (base 16) to base 7.
-226
192 (base 10) to base 15
cc
What is 1 (base 11) in base 16?
1
Convert 2 (base 5) to base 13.
2
Convert 22 (base 14) to base 5.
110
What is a (base 13) in base 10?
10
What is 10211 (base 3) in base 16?
67
0 (base 9) to base 6
0
Convert 101 (base 2) to base 7.
5
94 (base 16) to base 7
301
What is 89 (base 14) in base 6?
321
What is 69 (base 14) in base 13?
72
Convert 1 (base 4) to base 6.
1
Convert -3 (base 5) to base 9.
-3
Convert 6 (base 12) to base 2.
110
-1 (base 7) to base 11
-1
Convert 48 (base 9) to base 11.
40
Convert -15 (base 14) to base 12.
-17
Convert 4 (base 11) to base 7.
4
-8 (base 15) to base 5
-13
-3 (base 12) to base 5
-3
79 (base 10) to base 5
304
10 (base 6) to base 16
6
-3 (base 7) to base 5
-3
What is -3 (base 12) in base 6?
-3
-1 (base 16) to base 11
-1
What is 1 (base 9) in base 13?
1
What is 2 (base 4) in base 2?
10
-5 (base 15) to base 8
-5
What is -22 (base 8) in base 10?
-18
What is -10 (base 6) in base 7?
-6
What is 1 (base 2) in base 8?
1
What is 4 (base 11) in base 16?
4
Convert -1 (base 7) to base 10.
-1
Convert 151 (base 7) to base 2.
1010101
4 (base 6) to base 7
4
-13c (base 16) to base 14
-188
What is -15 (base 11) in base 13?
-13
Convert -21 (base 10) to base 12.
-19
What is -334 (base 6) in base 14?
-94
53 (base 6) to base 4
201
Convert 2a (base 14) to base 13.
2c
Convert 2 (base 10) to base 14.
2
Convert -44 (base 6) to base 11.
-26
What is 10 (base 5) in base 2?
101
What is 40 (base 6) in base 7?
33
-74 (base 10) to base 12
-62
Convert 256 (base 10) to base 14.
144
1 (base 9) to base 6
1
What is 0 (base 7) in base 2?
0
-125 (base 6) to base 11
-49
What is -1 (base 8) in base 4?
-1
What is -5 (base 14) in base 5?
-10
Convert -3 (base 9) to base 12.
-3
140 (base 6) to base 13
48
What is 7 (base 16) in base 10?
7
What is 50 (base 10) in base 9?
55
a4 (base 16) to base 8
244
Convert -32 (base 5) to base 16.
-11
Convert 3 (base 8) to base 10.
3
What is -1330 (base 4) in base 5?
-444
What is 0 (base 16) in base 13?
0
33 (base 8) to base 16
1b
What is 134 (base 7) in base 13?
59
-1010 (base 2) to base 11
-a
What is 9 (base 12) in base 8?
11
What is -3 (base 9) in base 13?
-3
Convert -1101 (base 3) to base 15.
-27
Convert 62 (base 16) to base 6.
242
Convert -72 (base 12) to base 8.
-126
-155 (base 7) to base 9
-108
32 (base 4) to base 5
24
Convert -1230 (base 4) to base 8.
-154
-2210 (base 3) to base 4
-1023
-24 (base 7) to base 2
-10010
Convert -11 (base 14) to base 3.
-120
Convert 1 (base 14) to base 15.
1
What is -113 (base 5) in base 15?
-23
What is ba (base 13) in base 5?
1103
-12 (base 4) to base 10
-6
Convert -2 (base 12) to base 4.
-2
What is 0 (base 10) in base 2?
0
What is 73 (base 9) in base 13?
51
What is -3 (base 12) in base 16?
-3
What is 11 (base 4) in base 9?
5
Convert 2 (base 10) to base 9.
2
What is 5 (base 10) in base 13?
5
-8 (base 10) to base 4
-20
What is 6 (base 15) in base 6?
10
-1 (base 13) to base 15
-1
0 (base 14) to base 9
0
What is -14 (base 12) in base 11?
-15
246 (base 8) to base 6
434
What is -1000000 (base 2) in base 14?
-48
Convert 2 (base 9) to base 2.
10
What is 220 (base 3) in base 12?
20
What is -3 (base 7) in base 10?
-3
What is 100 (base 2) in base 9?
4
4 (base 7) to base 15
4
What is -22 (base 8) in base 5?
-33
Convert 16 (base 8) to base 12.
12
35 (base 9) to base 16
20
What is 12 (base 6) in base 2?
1000
Convert 1332 (base 4) to base 3.
11200
What is 0 (base 14) in base 16?
0
Convert -59 (base 11) to base 13.
-4c
-6 (base 9) to base 15
-6
Convert 1 (base 8) to base 9.
1
Convert 1 (base 11) to base 2.
1
Convert 47 (base 13) to base 9.
65
-17 (base 8) to base 5
-30
What is 2 (base 12) in base 14?
2
What is -131 (base 6) in base 16?
-37
What is -bc (base 16) in base 4?
-2330
-10101 (base 2) to base 10
-21
Convert -1 (base 15) to base 4.
-1
Convert 3 (base 12) to base 11.
3
What is -11 (base 7) in base 11?
-8
9d (base 16) to base 7
313
29 (base 15) to base 5
124
Convert -40 (base 8) to base 3.
-1012
Convert 142 (base 7) to base 16.
4f
a (base 16) to base 4
22
Convert 111 (base 2) to base 10.
7
Convert dd (base 14) to base 3.
21020
10 (base 5) to base 7
5
Convert -140 (base 6) to base 10.
-60
Convert 0 (base 14) to base 6.
0
Convert 124 (base 7) to base 16.
43
Convert 9 (base 16) to base 2.
1001
Convert -220 (base 3) to base 14.
-1a
What is -2 (base 11) in base 3?
-2
-6 (base 7) to base 14
-6
-93 (base 12) to base 7
-216
What is 33 (base 10) in base 15?
23
Convert -12 (base 7) to base 5.
-14
Convert 2c (base 14) to base 8.
50
What is -10 (base 7) in base 13?
-7
What is 3 (base 12) in base 2?
11
4 (base 8) to base 16
4
Convert -10202 (base 3) to base 11.
-92
Convert 10 (base 2) to base 12.
2
Convert -12 (base 7) to base 2.
-1001
14 (base 8) to base 14
c
What is -20 (base 14) in base 11?
-26
-1 (base 13) to base 2
-1
What is -141 (base 7) in base 9?
-86
26 (base 11) to base 6
44
What is 4 (base 14) in base 4?
10
0 (base 2) to base 14
0
Convert 6b (base 12) to base 3.
10002
What is -a (base 16) in base 8?
-12
Convert 3 (base 11) to base 2.
11
5 (base 13) to base 6
5
-10 (base 15) to base 6
-23
Convert 0 (base 8) to base 12.
0
1101 (base 3) to base 15
27
11 (base 8) to base 7
12
-b6 (base 15) to base 8
-253
-2 (base 5) to base 15
-2
What is -10 (base 8) in base 10?
-8
What is -2 (base 8) in base 13?
-2
Convert 1 (base 2) to base 12.
1
Convert 113 (base 10) to base 4.
1301
-12002 (base 3) to base 14
-9b
What is 0 (base 12) in base 16?
0
Convert -23 (base 4) to base 12.
-b
6 (base 9) to base 7
6
Convert -213 (base 5) to base 13.
-46
5 (base 13) to base 14
5
0 (base 4) to base 15
0
Convert -4 (base 7) to base 12.
-4
1 (base 5) to base 15
1
10 (base 2) to base 9
2
Convert -344 (base 5) to base 12.
-83
11 (base 15) to base 7
22
What is 28 (base 9) in base 13?
20
What is -4 (base 8) in base 13?
-4
Convert 7b (base 13) to base 4.
1212
Convert 301 (base 4) to base 16.
31
-3 (base 15) to base 6
-3
Convert 111110 (base 2) to base 15.
42
What is -2 (base 8) in base 7?
-2
What is 1 (base 7) in base 13?
1
Convert -10 (base 15) to base 9.
-16
What is 7 (base 13) in base 8?
7
Convert 81 (base 9) to base 13.
58
What is 3 (base 8) in base 9?
3
-3 (base 5) to base 3
-10
-2 (base 16) to base 3
-2
What is 44 (base 7) in base 2?
100000
Convert -3121 (base 4) to base 2.
-11011001
Convert -5 (base 16) to base 7.
-5
Convert -3 (base 15) to base 8.
-3
53 (base 7) to base 3
1102
4 (base 9) to base 6
4
9a (base 15) to base 10
145
What is -21 (base 11) in base 15?
-18
3 (base 4) to base 2
11
4 (base 6) to base 5
4
What is -1 (base 12) in base 9?
-1
10 (base 3) to base 16
3
-1 (base 6) to base 2
-1
7 (base 8) to base 4
13
Convert 61 (base 9) to base 16.
37
78 (base 16) to base 13
93
Convert -3 (base 9) to base 15.
-3
54 (base 14) to base 6
202
Convert -3 (base 16) t